{"id":8177,"date":"2022-09-22T00:01:46","date_gmt":"2022-09-22T00:01:46","guid":{"rendered":"http:\/\/ssakimya.com\/?post_type=product&#038;p=8177"},"modified":"2022-09-22T00:01:46","modified_gmt":"2022-09-22T00:01:46","slug":"bls-5000-universal-tek-filtreli-maske","status":"publish","type":"product","link":"https:\/\/ssakimya.com\/index.php\/product\/bls-5000-universal-tek-filtreli-maske\/","title":{"rendered":"BLS 5000 Universal Tek Filtreli Maske"},"content":{"rendered":"","protected":false},"excerpt":{"rendered":"<p><strong><span>S\u0131n\u0131f 3 cihaz S\u0131n\u0131f 3&#8217;te<\/span><\/strong><br \/>\n<span>s\u0131n\u0131fland\u0131r\u0131lan maskeler, radyan \u0131s\u0131ya ve aleve kar\u015f\u0131 daha fazla diren\u00e7 sunar.\u00a0Yang\u0131nla m\u00fccadele i\u00e7in kullan\u0131labilirler.<\/span><\/p>\n<p>&nbsp;<\/p>\n<p><strong><span>Y\u00fcz contas\u0131<\/span><\/strong><br \/>\n<span>Daha iyi konfor i\u00e7in yumu\u015fak termoplastik kau\u00e7uk (BLS 5150) veya FDA sertifikal\u0131 (BLS 5400) silikon kau\u00e7uk olarak mevcuttur.<\/span><\/p>\n<p>&nbsp;<\/p>\n<p><strong><span>RD40 ba\u011flant\u0131s\u0131<\/span><\/strong><br \/>\n<span>RD40 di\u015fli ba\u011flant\u0131s\u0131 EN 148-1&#8217;e g\u00f6re, t\u00fcm solunum koruma cihazlar\u0131 aras\u0131nda \u00dcniversal.<\/span><\/p>\n<p>&nbsp;<\/p>\n<p><strong><span>Silikondan y\u00fcz par\u00e7as\u0131<\/span><\/strong><br \/>\n<span>Performans\u0131 ve s\u00fcreyi garanti eder.<\/span><\/p>\n<p>&nbsp;<\/p>\n<p><strong><span>Bu\u011fu \u00f6nleyici<\/span><\/strong><br \/>\n<span>Kullan\u0131mla kolayca bozulabilecek tedaviler yerine, maske i\u00e7indeki so\u011fuk ve s\u0131cak hava ak\u0131\u015flar\u0131n\u0131n kontrol\u00fc ile viz\u00f6rde bu\u011fulanmay\u0131 \u00f6nlemek i\u00e7in tasarlanm\u0131\u015ft\u0131r.<\/span><\/p>\n<p>&nbsp;<\/p>\n<p><strong><span>Viz\u00f6r (Canl\u0131 Viz\u00f6r)<\/span><\/strong><br \/>\n<span>Optik s\u0131n\u0131f 1 (EN 166), optik bozulmalar olmadan panoramik bir g\u00f6r\u00fc\u015f alan\u0131 sa\u011flar.\u00a0Y\u00fczeyindeki vitrifikasyon i\u015flemi onu \u00e7izilmeye kar\u015f\u0131 dayan\u0131kl\u0131 hale getirir.\u00a0Ayr\u0131ca darbe testinden ge\u00e7mi\u015ftir: MIL-STD-662F:1997 (z\u0131rh i\u00e7in V50 balistik testi).<\/span><\/p>\n<p>&nbsp;<\/p>\n<p><strong><span>Emniyet Kemeri (Konfor)<\/span><\/strong><br \/>\n<span>Y\u00fcz contas\u0131n\u0131n deforme olmamas\u0131 i\u00e7in do\u011frudan maskenin sert g\u00f6vdesi \u00fczerinde 6 noktaya sabitlenmi\u015ftir.\u00a0Y\u00fczde iz b\u0131rakmadan solunum cihaz\u0131n\u0131n a\u011f\u0131rl\u0131\u011f\u0131n\u0131n e\u015fit olarak da\u011f\u0131lmas\u0131n\u0131 sa\u011flar.<\/span><\/p>\n<p>&nbsp;<\/p>\n","protected":false},"featured_media":8196,"comment_status":"closed","ping_status":"closed","template":"","meta":[],"product_cat":[279,73,374],"product_tag":[],"class_list":["post-8177","product","type-product","status-publish","has-post-thumbnail","hentry","product_cat-bls","product_cat-kafa-ve-yuz-koruyuculari","product_cat-tam-yuz-maskeler-bls"],"_links":{"self":[{"href":"https:\/\/ssakimya.com\/index.php\/wp-json\/wp\/v2\/product\/8177","targetHints":{"allow":["GET"]}}],"collection":[{"href":"https:\/\/ssakimya.com\/index.php\/wp-json\/wp\/v2\/product"}],"about":[{"href":"https:\/\/ssakimya.com\/index.php\/wp-json\/wp\/v2\/types\/product"}],"replies":[{"embeddable":true,"href":"https:\/\/ssakimya.com\/index.php\/wp-json\/wp\/v2\/comments?post=8177"}],"wp:featuredmedia":[{"embeddable":true,"href":"https:\/\/ssakimya.com\/index.php\/wp-json\/wp\/v2\/media\/8196"}],"wp:attachment":[{"href":"https:\/\/ssakimya.com\/index.php\/wp-json\/wp\/v2\/media?parent=8177"}],"wp:term":[{"taxonomy":"product_cat","embeddable":true,"href":"https:\/\/ssakimya.com\/index.php\/wp-json\/wp\/v2\/product_cat?post=8177"},{"taxonomy":"product_tag","embeddable":true,"href":"https:\/\/ssakimya.com\/index.php\/wp-json\/wp\/v2\/product_tag?post=8177"}],"curies":[{"name":"wp","href":"https:\/\/api.w.org\/{rel}","templated":true}]}}