{"id":8072,"date":"2022-09-21T22:34:24","date_gmt":"2022-09-21T22:34:24","guid":{"rendered":"http:\/\/ssakimya.com\/?post_type=product&#038;p=8072"},"modified":"2022-09-21T22:34:24","modified_gmt":"2022-09-21T22:34:24","slug":"drager-x-plore-8000-kasklar","status":"publish","type":"product","link":"https:\/\/ssakimya.com\/index.php\/product\/drager-x-plore-8000-kasklar\/","title":{"rendered":"Dr\u00e4ger X-plore\u00ae 8000 Kasklar"},"content":{"rendered":"","protected":false},"excerpt":{"rendered":"<h1>Dr\u00e4ger X-plore<sup>\u00ae<\/sup>\u00a08000 Kasklar<\/h1>\n<p>&nbsp;<\/p>\n<div class=\"hightlightbox teaser\">\n<div class=\"large\">\n<p>Dr\u00e4ger X-plore<sup>\u00ae<\/sup>\u00a08000 kasklar, maksimum konforla birlikte etkili mekanik ba\u015f korumas\u0131 sa\u011flar. Ortam havas\u0131na ba\u011f\u0131ml\u0131 veya ba\u011f\u0131ms\u0131z \u00e7al\u0131\u015fmalar\u0131n\u0131zda kasklar, Dr\u00e4ger X-plore<sup>\u00ae<\/sup>\u00a08000 motorlu hava temizleme respirat\u00f6r sistemlerimizin ve Dr\u00e4ger X-plore<sup>\u00ae<\/sup>\u00a09300 bas\u0131n\u00e7l\u0131 hava hatt\u0131 cihaz\u0131m\u0131z\u0131n ayr\u0131lmaz bir par\u00e7as\u0131d\u0131r.<\/p>\n<\/div>\n<\/div>\n","protected":false},"featured_media":8087,"comment_status":"closed","ping_status":"closed","template":"","meta":[],"product_cat":[362,73,365],"product_tag":[],"class_list":["post-8072","product","type-product","status-publish","has-post-thumbnail","hentry","product_cat-drager","product_cat-kafa-ve-yuz-koruyuculari","product_cat-motorlu-solunum-koruma-sistemleri"],"_links":{"self":[{"href":"https:\/\/ssakimya.com\/index.php\/wp-json\/wp\/v2\/product\/8072","targetHints":{"allow":["GET"]}}],"collection":[{"href":"https:\/\/ssakimya.com\/index.php\/wp-json\/wp\/v2\/product"}],"about":[{"href":"https:\/\/ssakimya.com\/index.php\/wp-json\/wp\/v2\/types\/product"}],"replies":[{"embeddable":true,"href":"https:\/\/ssakimya.com\/index.php\/wp-json\/wp\/v2\/comments?post=8072"}],"wp:featuredmedia":[{"embeddable":true,"href":"https:\/\/ssakimya.com\/index.php\/wp-json\/wp\/v2\/media\/8087"}],"wp:attachment":[{"href":"https:\/\/ssakimya.com\/index.php\/wp-json\/wp\/v2\/media?parent=8072"}],"wp:term":[{"taxonomy":"product_cat","embeddable":true,"href":"https:\/\/ssakimya.com\/index.php\/wp-json\/wp\/v2\/product_cat?post=8072"},{"taxonomy":"product_tag","embeddable":true,"href":"https:\/\/ssakimya.com\/index.php\/wp-json\/wp\/v2\/product_tag?post=8072"}],"curies":[{"name":"wp","href":"https:\/\/api.w.org\/{rel}","templated":true}]}}