{"id":7411,"date":"2022-09-17T09:46:33","date_gmt":"2022-09-17T09:46:33","guid":{"rendered":"http:\/\/ssakimya.com\/?page_id=7411"},"modified":"2022-09-17T10:01:46","modified_gmt":"2022-09-17T10:01:46","slug":"sivi-gecirmez-koruma-eldivenleri","status":"publish","type":"page","link":"https:\/\/ssakimya.com\/index.php\/sivi-gecirmez-koruma-eldivenleri\/","title":{"rendered":"S\u0131v\u0131 Ge\u00e7irmez Koruma Eldivenleri"},"content":{"rendered":"<p>[vc_row full_width=&#8221;stretch_row_content&#8221; gap=&#8221;5&#8243; content_placement=&#8221;middle&#8221; css=&#8221;.vc_custom_1663393608785{background-position: center !important;background-repeat: no-repeat !important;background-size: cover !important;}&#8221;][vc_column width=&#8221;2\/6&#8243; css=&#8221;.vc_custom_1663263793389{background-position: center !important;background-repeat: no-repeat !important;background-size: cover !important;}&#8221;][vc_wp_text]<\/p>\n<h1 class=\"block-title\" style=\"padding-left: 80px;\"><span style=\"color: #c51618;\">S\u0131v\u0131 Ge\u00e7irmez Koruma Eldivenleri<\/span><\/h1>\n<div class=\"block-content\" style=\"padding-left: 40px;\">\n<p style=\"padding-left: 40px;\">Ya\u011fl\u0131 ve \u0131slak ortamlarda korumay\u0131 en \u00fcst seviyeye ta\u015f\u0131rken ayn\u0131 zamanda konforu, tutu\u015f ve kavrama kabiliyetini de \u00fcst d\u00fczeyde tutman\u0131za olanak sa\u011flar.<\/p>\n<p style=\"padding-left: 40px;\">Vital ve Ultranitril gibi ikonik modellerle do\u011fal latekse kar\u015f\u0131 hassasiyeti olan kullan\u0131c\u0131lar\u0131 da bu etkilerden korumaya devam eder.<br \/>\nJersette modelleriyle de g\u0131da ta\u015f\u0131ma ve i\u015flemesinde performan\u0131s\u0131n\u0131z\u0131 \u00fcst d\u00fczeyde tutman\u0131za yard\u0131mc\u0131 olur.<\/p>\n<\/div>\n<p>[\/vc_wp_text][\/vc_column][vc_column width=&#8221;2\/6&#8243; css=&#8221;.vc_custom_1663392026041{background-position: center !important;background-repeat: no-repeat !important;background-size: contain !important;}&#8221;][vc_single_image image=&#8221;7416&#8243; img_size=&#8221;large&#8221;][\/vc_column][vc_column width=&#8221;2\/6&#8243;][vc_single_image image=&#8221;7415&#8243; img_size=&#8221;large&#8221;][\/vc_column][\/vc_row][vc_row full_width=&#8221;stretch_row_content&#8221; gap=&#8221;5&#8243; content_placement=&#8221;middle&#8221; css=&#8221;.vc_custom_1663393608785{background-position: center !important;background-repeat: no-repeat !important;background-size: cover !important;}&#8221;][vc_column width=&#8221;2\/6&#8243; css=&#8221;.vc_custom_1663263793389{background-position: center !important;background-repeat: no-repeat !important;background-size: cover !important;}&#8221;][\/vc_column][vc_column width=&#8221;2\/6&#8243; css=&#8221;.vc_custom_1663392026041{background-position: center !important;background-repeat: no-repeat !important;background-size: contain !important;}&#8221;][vc_single_image image=&#8221;7414&#8243; img_size=&#8221;large&#8221;][\/vc_column][vc_column width=&#8221;2\/6&#8243;][\/vc_column][\/vc_row]<\/p>\n","protected":false},"excerpt":{"rendered":"<p>[vc_row full_width=&#8221;stretch_row_content&#8221; gap=&#8221;5&#8243; content_placement=&#8221;middle&#8221; css=&#8221;.vc_custom_1663393608785{background-position: center !important;background-repeat: no-repeat !important;background-size: cover !important;}&#8221;][vc_column width=&#8221;2\/6&#8243; css=&#8221;.vc_custom_1663263793389{background-position: center !important;background-repeat: no-repeat !important;background-size: cover !important;}&#8221;][vc_wp_text] S\u0131v\u0131 Ge\u00e7irmez Koruma Eldivenleri Ya\u011fl\u0131 ve \u0131slak ortamlarda korumay\u0131 en \u00fcst seviyeye ta\u015f\u0131rken ayn\u0131 zamanda konforu, tutu\u015f ve kavrama kabiliyetini de &hellip; <a href=\"https:\/\/ssakimya.com\/index.php\/sivi-gecirmez-koruma-eldivenleri\/\">Daha Fazlas\u0131<\/a><\/p>\n","protected":false},"author":1,"featured_media":0,"parent":0,"menu_order":0,"comment_status":"closed","ping_status":"closed","template":"","meta":{"footnotes":""},"class_list":["post-7411","page","type-page","status-publish","hentry"],"_links":{"self":[{"href":"https:\/\/ssakimya.com\/index.php\/wp-json\/wp\/v2\/pages\/7411","targetHints":{"allow":["GET"]}}],"collection":[{"href":"https:\/\/ssakimya.com\/index.php\/wp-json\/wp\/v2\/pages"}],"about":[{"href":"https:\/\/ssakimya.com\/index.php\/wp-json\/wp\/v2\/types\/page"}],"author":[{"embeddable":true,"href":"https:\/\/ssakimya.com\/index.php\/wp-json\/wp\/v2\/users\/1"}],"replies":[{"embeddable":true,"href":"https:\/\/ssakimya.com\/index.php\/wp-json\/wp\/v2\/comments?post=7411"}],"version-history":[{"count":3,"href":"https:\/\/ssakimya.com\/index.php\/wp-json\/wp\/v2\/pages\/7411\/revisions"}],"predecessor-version":[{"id":7417,"href":"https:\/\/ssakimya.com\/index.php\/wp-json\/wp\/v2\/pages\/7411\/revisions\/7417"}],"wp:attachment":[{"href":"https:\/\/ssakimya.com\/index.php\/wp-json\/wp\/v2\/media?parent=7411"}],"curies":[{"name":"wp","href":"https:\/\/api.w.org\/{rel}","templated":true}]}}