{"id":8706,"date":"2023-03-16T13:14:46","date_gmt":"2023-03-16T13:14:46","guid":{"rendered":"http:\/\/ssakimya.com\/?post_type=product&#038;p=8706"},"modified":"2023-03-16T13:14:46","modified_gmt":"2023-03-16T13:14:46","slug":"yag-ve-kimyasal-emici-pedlerrulolar","status":"publish","type":"product","link":"http:\/\/ssakimya.com\/index.php\/product\/yag-ve-kimyasal-emici-pedlerrulolar\/","title":{"rendered":"Ya\u011f ve Kimyasal Emici Pedler&#038;Rulolar"},"content":{"rendered":"","protected":false},"excerpt":{"rendered":"<p>Kolay ve h\u0131zl\u0131 bir kullan\u0131m sa\u011flar. Mevcut bir d\u00f6k\u00fcnt\u00fc \u00fczerine, tezgah<br \/>\n\u00fcstlerinde ve makine altlar\u0131 gibi noktalarda kullan\u0131l\u0131r.<br \/>\nKoparmal\u0131 \u00f6zelli\u011fi sayesinde par\u00e7a b\u00fcy\u00fckl\u00fc\u011f\u00fc ihtiyac\u0131na g\u00f6re<br \/>\nayarlanabilir. Beyaz \u00fcr\u00fcnler ya\u011f emici, gri \u00fcr\u00fcnler ise yap ve kimyasal<br \/>\nortak emicidir.<\/p>\n","protected":false},"featured_media":8707,"comment_status":"closed","ping_status":"closed","template":"","meta":[],"product_cat":[377,111],"product_tag":[],"class_list":["post-8706","product","type-product","status-publish","has-post-thumbnail","hentry","product_cat-absomat","product_cat-cevre-ve-saglik-koruyuculari"],"_links":{"self":[{"href":"http:\/\/ssakimya.com\/index.php\/wp-json\/wp\/v2\/product\/8706","targetHints":{"allow":["GET"]}}],"collection":[{"href":"http:\/\/ssakimya.com\/index.php\/wp-json\/wp\/v2\/product"}],"about":[{"href":"http:\/\/ssakimya.com\/index.php\/wp-json\/wp\/v2\/types\/product"}],"replies":[{"embeddable":true,"href":"http:\/\/ssakimya.com\/index.php\/wp-json\/wp\/v2\/comments?post=8706"}],"wp:featuredmedia":[{"embeddable":true,"href":"http:\/\/ssakimya.com\/index.php\/wp-json\/wp\/v2\/media\/8707"}],"wp:attachment":[{"href":"http:\/\/ssakimya.com\/index.php\/wp-json\/wp\/v2\/media?parent=8706"}],"wp:term":[{"taxonomy":"product_cat","embeddable":true,"href":"http:\/\/ssakimya.com\/index.php\/wp-json\/wp\/v2\/product_cat?post=8706"},{"taxonomy":"product_tag","embeddable":true,"href":"http:\/\/ssakimya.com\/index.php\/wp-json\/wp\/v2\/product_tag?post=8706"}],"curies":[{"name":"wp","href":"https:\/\/api.w.org\/{rel}","templated":true}]}}