{"id":8598,"date":"2022-10-21T11:49:22","date_gmt":"2022-10-21T11:49:22","guid":{"rendered":"http:\/\/ssakimya.com\/?post_type=product&#038;p=8598"},"modified":"2022-10-21T11:49:23","modified_gmt":"2022-10-21T11:49:23","slug":"jersette-308-2","status":"publish","type":"product","link":"http:\/\/ssakimya.com\/index.php\/product\/jersette-308-2\/","title":{"rendered":"Jersette 308"},"content":{"rendered":"","protected":false},"excerpt":{"rendered":"<h2><\/h2>\n<h2 id=\"specific-advantages\">\u00d6nemli avantajlar<\/h2>\n<ul>\n<li><a title=\"Anatomik\" href=\"https:\/\/www.tr.mapa-pro.com\/bilgi-merkezi\/soezluek\/tanim\/anatomik\">Anatomik<\/a>\u00a0bi\u00e7im ve ek yeri olmayan kuma\u015f deste\u011finin kusursuz konforu sayesinde hareket \u00f6zg\u00fcrl\u00fc\u011f\u00fc<\/li>\n<li>Ya\u015f ko\u015fullarda t\u00fcm kullan\u0131mlar i\u00e7in su ge\u00e7irmez.<\/li>\n<li>\u0130yi y\u0131rt\u0131lma direnci<\/li>\n<li>Silikonsuzdur, Boyama \u00f6ncesi metal levha ve cam y\u00fczeylerdeki izleri \u00f6nlemek i\u00e7in<\/li>\n<\/ul>\n<h2><\/h2>\n<h2 id=\"applications\">Uygulama<\/h2>\n<p><strong>G\u0131da sekt\u00f6r\u00fc<\/strong><\/p>\n<ul>\n<li>Haz\u0131rlama ve ambalajlama<\/li>\n<li>\u0130stiridyecilik<\/li>\n<li>Meyve ve sebzelerin ta\u015f\u0131nmas\u0131<\/li>\n<li>Donmu\u015f \u00fcr\u00fcnlerin ta\u015f\u0131nmas\u0131<\/li>\n<\/ul>\n<h2><\/h2>\n<h2 id=\"standards\">Standartlar<\/h2>\n<ul class=\"norms-list\">\n<li title=\"Kat. 3\"><span class=\"type\">KAT. 3<\/span><img loading=\"lazy\" decoding=\"async\" src=\"https:\/\/www.tr.mapa-pro.com\/fileadmin\/_processed_storage_data\/a\/e\/csm_mapa-pim-picto-ce-category_d084fe6357.jpg\" alt=\"Kat. 3\" width=\"34\" height=\"34\" \/>0334<\/li>\n<li title=\"Mekanik tehlikeler EN 388\"><img loading=\"lazy\" decoding=\"async\" src=\"https:\/\/www.tr.mapa-pro.com\/fileadmin\/_processed_storage_data\/2\/9\/csm_mapa-pim-picto-en388-2016-digit_fd48d4d59d.jpg\" alt=\"Mekanik tehlikeler EN 388\" width=\"34\" height=\"34\" \/>2131X<\/li>\n<li title=\"\u00d6zel Kimyasal Korunma EN 374\"><span class=\"type\">Type B<\/span><img loading=\"lazy\" decoding=\"async\" src=\"https:\/\/www.tr.mapa-pro.com\/fileadmin\/_processed_storage_data\/9\/8\/csm_mapa-pim-picto-en374-2016-type_ac1448e6e9.jpg\" alt=\"\u00d6zel Kimyasal Korunma EN 374\" width=\"34\" height=\"34\" \/>KPT<\/li>\n<li title=\"Is\u0131 ve yang\u0131n EN 407\"><img loading=\"lazy\" decoding=\"async\" src=\"https:\/\/www.tr.mapa-pro.com\/fileadmin\/_processed_storage_data\/3\/2\/csm_en407-year_2020_68335fd6f8.jpg\" alt=\"Is\u0131 ve yang\u0131n EN 407\" width=\"34\" height=\"34\" \/>X1XXXX<\/li>\n<\/ul>\n<div class=\"product-norm\"><img loading=\"lazy\" decoding=\"async\" src=\"https:\/\/www.tr.mapa-pro.com\/fileadmin\/_processed_storage_data\/b\/4\/csm_mapa-pim-picto-alimentary-europe_9a060a43d0.jpg\" alt=\"Besleyicili\u011fi\" width=\"34\" height=\"34\" \/><\/p>\n<div>\n<p>Avrupa Direktifi CEE 1935\/2004&#8217;e g\u00f6re g\u0131da kullan\u0131m\u0131na uygundur. JERSETTE 308, sebzelerin, etlerin ve 3, 4 veya 5&#8217;lik bir azaltma fakt\u00f6r\u00fcnden etkilenen t\u00fcm ya\u011fl\u0131 \u00fcr\u00fcnlerin i\u015flenmesi i\u00e7in uygundur. Pamuklu astar\u0131 sayesinde meyve ve sebzelerin i\u015flenmesinde haz\u0131rl\u0131k alanlar\u0131 ve \u0131s\u0131l i\u015flem i\u00e7in son derece uygundur.<\/p>\n<p><a title=\"Do\u011fal lateks\" href=\"https:\/\/www.tr.mapa-pro.com\/bilgi-merkezi\/soezluek\/tanim\/dogal-lateks\">Do\u011fal lateks<\/a>, g\u0131da temas\u0131 i\u00e7in onaylanm\u0131\u015f i\u00e7erikler listesine dahil olsa da, do\u011fal lateksteki proteinlere kar\u015f\u0131 hassas olan ki\u015filer i\u00e7in \u00f6nerilmemektedir. Ayr\u0131ca, kullan\u0131m izin verdi\u011finde, ayn\u0131 seviyede koruma sa\u011flayan\u00a0<a title=\"nitril\" href=\"https:\/\/www.tr.mapa-pro.com\/bilgi-merkezi\/soezluek\/tanim\/nitril\">nitril<\/a>\u00a0alternatifi \u00f6nerilmektedir.<\/p>\n<\/div>\n<\/div>\n<h2><\/h2>\n<h2 id=\"product-detail\">\u00dcr\u00fcn bilgileri<\/h2>\n<table class=\"table table-bordered\" style=\"height: 251px;\" width=\"497\">\n<tbody>\n<tr>\n<th>Malzeme<\/th>\n<td>Do\u011fal lateks<\/td>\n<\/tr>\n<tr>\n<th>Renk<\/th>\n<td>Mavi<\/td>\n<\/tr>\n<tr>\n<th>\u0130\u00e7 Kaplama<\/th>\n<td>Kuma\u015f takviyesi<\/td>\n<\/tr>\n<tr>\n<th>D\u0131\u015f Kaplama<\/th>\n<td>Yumu\u015fak<\/td>\n<\/tr>\n<tr>\n<th>Uzunluk (cm)<\/th>\n<td>30-32<\/td>\n<\/tr>\n<tr>\n<th>Kal\u0131nl\u0131k (mm)<\/th>\n<td>1.15<\/td>\n<\/tr>\n<tr>\n<th>Boy<\/th>\n<td>6 7 8 9 10<\/td>\n<\/tr>\n<tr>\n<th>Ambalajlama<\/th>\n<td>1 \u00e7ift\/torba\u00a0 \u00a05 \u00e7ift\/torba\u00a0 50 \u00e7ift\/karton<\/td>\n<\/tr>\n<\/tbody>\n<\/table>\n<p><strong>DOK\u00dcMANLAR<\/strong><\/p>\n<p><a href=\"https:\/\/www.tr.mapa-pro.com\/eldivenlerimiz\/sivi-gecirmez-koruma\/ueruen-sayfasi\/jersette-308\"><span style=\"color: #ff0000;\">Mapa Teknik Dok\u00fcman<\/span><\/a><\/p>\n","protected":false},"featured_media":8600,"comment_status":"closed","ping_status":"closed","template":"","meta":[],"product_cat":[67,282,303],"product_tag":[],"class_list":["post-8598","product","type-product","status-publish","has-post-thumbnail","hentry","product_cat-el-kol-koruyucular","product_cat-mapa","product_cat-sivi-gecirmez-koruma"],"_links":{"self":[{"href":"http:\/\/ssakimya.com\/index.php\/wp-json\/wp\/v2\/product\/8598","targetHints":{"allow":["GET"]}}],"collection":[{"href":"http:\/\/ssakimya.com\/index.php\/wp-json\/wp\/v2\/product"}],"about":[{"href":"http:\/\/ssakimya.com\/index.php\/wp-json\/wp\/v2\/types\/product"}],"replies":[{"embeddable":true,"href":"http:\/\/ssakimya.com\/index.php\/wp-json\/wp\/v2\/comments?post=8598"}],"wp:featuredmedia":[{"embeddable":true,"href":"http:\/\/ssakimya.com\/index.php\/wp-json\/wp\/v2\/media\/8600"}],"wp:attachment":[{"href":"http:\/\/ssakimya.com\/index.php\/wp-json\/wp\/v2\/media?parent=8598"}],"wp:term":[{"taxonomy":"product_cat","embeddable":true,"href":"http:\/\/ssakimya.com\/index.php\/wp-json\/wp\/v2\/product_cat?post=8598"},{"taxonomy":"product_tag","embeddable":true,"href":"http:\/\/ssakimya.com\/index.php\/wp-json\/wp\/v2\/product_tag?post=8598"}],"curies":[{"name":"wp","href":"https:\/\/api.w.org\/{rel}","templated":true}]}}