{"id":8372,"date":"2022-09-22T22:09:23","date_gmt":"2022-09-22T22:09:23","guid":{"rendered":"http:\/\/ssakimya.com\/?post_type=product&#038;p=8372"},"modified":"2022-09-22T22:09:23","modified_gmt":"2022-09-22T22:09:23","slug":"5x8-solar-g15-2","status":"publish","type":"product","link":"http:\/\/ssakimya.com\/index.php\/product\/5x8-solar-g15-2\/","title":{"rendered":"5X8 Solar G15"},"content":{"rendered":"","protected":false},"excerpt":{"rendered":"<p class=\"mb-0\"><strong>Lens teknolojileri<\/strong><\/p>\n<div class=\"AttributesImages\"><img decoding=\"async\" class=\"js-tooltip lazyloaded\" title=\"\" src=\"https:\/\/www.univetsafety.com\/site\/assets\/files\/1240\/vplus.png\" data-src=\"\/site\/assets\/files\/1240\/vplus.png\" data-original-title=\"VANGUARD PLUS - K ve N sertifikal\u0131, y\u00fcksek performansl\u0131, \u00e7izilmeye ve bu\u011fulanmaya kar\u015f\u0131 \u00fcst d\u00fczey koruma\" \/><\/div>\n<div><\/div>\n<div class=\"AttributesImages\"><img decoding=\"async\" class=\"js-tooltip lazyloaded\" title=\"\" src=\"https:\/\/www.univetsafety.com\/site\/assets\/files\/1238\/uv400.png\" data-src=\"\/site\/assets\/files\/1238\/uv400.png\" data-original-title=\"UV400\" \/><\/div>\n<p class=\"mb-0\"><strong>G\u00f6r\u00fcn\u00fcrl\u00fck ko\u015fullar\u0131<\/strong><\/p>\n<p>Y\u00fcksek parlakl\u0131k.<\/p>\n<p class=\"mb-0\"><strong>Lens rengi<\/strong><\/p>\n<p>Ye\u015fil.<\/p>\n<p class=\"mb-0\"><strong>\u00c7er\u00e7eve teknolojisi<\/strong><\/p>\n<p>G\u00f6zl\u00fck saplar\u0131n\u0131n uzunluk ayar\u0131, G\u00f6zl\u00fck saplar\u0131n\u0131n a\u00e7\u0131sal ayar\u0131, Kau\u00e7uk beslemeli g\u00f6zl\u00fck saplar\u0131, E\u011filim hareketli g\u00f6zl\u00fck saplar\u0131 ve SoftPad.<\/p>\n<p class=\"mb-0\"><strong>Lens teknolojileri<\/strong><\/p>\n<p>\u00c7izilme Direnci + Bu\u011fu Direnci (KN \u2013 Vanguard PLUS) ve UV400.<\/p>\n<p class=\"mb-0\"><strong>Lens malzemesi<\/strong><\/p>\n<p>Polikarbonat.<\/p>\n<p class=\"mb-0\"><strong>Frame color<\/strong><\/p>\n<p>Gunmetal\/Green.<\/p>\n<p class=\"mb-0\"><strong>Standartlar<\/strong><\/p>\n<p>EN166, EN170 ve EN172.<\/p>\n<p class=\"mb-0\"><strong>\u00d6l\u00e7ek numaras\u0131<\/strong><\/p>\n<p>(2C-3) ve (5-3.1).<\/p>\n<p class=\"mb-0\"><strong>Mekanik diren\u00e7<\/strong><\/p>\n<p>D\u00fc\u015f\u00fck enerji etkisi (F).<\/p>\n<p class=\"mb-0\"><strong>Optik s\u0131n\u0131f<\/strong><\/p>\n<p>Optik s\u0131n\u0131f (1).<\/p>\n<p class=\"mb-0\"><strong>\u0130ste\u011fe ba\u011fl\u0131 gereksinimler<\/strong><\/p>\n<p>\u0130nce par\u00e7ac\u0131klar\u0131n neden oldu\u011fu y\u00fczey hasar\u0131na kar\u015f\u0131 diren\u00e7 (K), G\u00f6zl\u00fck lenslerinin bu\u011fulanmas\u0131na kar\u015f\u0131 diren\u00e7 (N) ve A\u015f\u0131r\u0131 s\u0131cakl\u0131klarda y\u00fcksek h\u0131zl\u0131 par\u00e7ac\u0131klara kar\u015f\u0131 koruma -5 \u00b0\/+ 55 \u00b0 C (T).<\/p>\n","protected":false},"featured_media":8373,"comment_status":"closed","ping_status":"closed","template":"","meta":[],"product_cat":[334,73,280],"product_tag":[],"class_list":["post-8372","product","type-product","status-publish","has-post-thumbnail","hentry","product_cat-guvenlik-gozlukleri","product_cat-kafa-ve-yuz-koruyuculari","product_cat-univet"],"_links":{"self":[{"href":"http:\/\/ssakimya.com\/index.php\/wp-json\/wp\/v2\/product\/8372","targetHints":{"allow":["GET"]}}],"collection":[{"href":"http:\/\/ssakimya.com\/index.php\/wp-json\/wp\/v2\/product"}],"about":[{"href":"http:\/\/ssakimya.com\/index.php\/wp-json\/wp\/v2\/types\/product"}],"replies":[{"embeddable":true,"href":"http:\/\/ssakimya.com\/index.php\/wp-json\/wp\/v2\/comments?post=8372"}],"wp:featuredmedia":[{"embeddable":true,"href":"http:\/\/ssakimya.com\/index.php\/wp-json\/wp\/v2\/media\/8373"}],"wp:attachment":[{"href":"http:\/\/ssakimya.com\/index.php\/wp-json\/wp\/v2\/media?parent=8372"}],"wp:term":[{"taxonomy":"product_cat","embeddable":true,"href":"http:\/\/ssakimya.com\/index.php\/wp-json\/wp\/v2\/product_cat?post=8372"},{"taxonomy":"product_tag","embeddable":true,"href":"http:\/\/ssakimya.com\/index.php\/wp-json\/wp\/v2\/product_tag?post=8372"}],"curies":[{"name":"wp","href":"https:\/\/api.w.org\/{rel}","templated":true}]}}