{"id":8055,"date":"2022-09-21T22:16:28","date_gmt":"2022-09-21T22:16:28","guid":{"rendered":"http:\/\/ssakimya.com\/?post_type=product&#038;p=8055"},"modified":"2022-09-21T22:16:28","modified_gmt":"2022-09-21T22:16:28","slug":"drager-x-plore-3300-3500","status":"publish","type":"product","link":"http:\/\/ssakimya.com\/index.php\/product\/drager-x-plore-3300-3500\/","title":{"rendered":"Dr\u00e4ger X-plore 3300\/3500"},"content":{"rendered":"","protected":false},"excerpt":{"rendered":"<h1>Dr\u00e4ger X-plore 3300\/3500<\/h1>\n<p>&nbsp;<\/p>\n<div class=\"hightlightbox teaser\">\n<div class=\"large\">\n<p>M\u00fckemmel bir kombinasyon: modern tasar\u0131m ve hafif a\u011f\u0131rl\u0131k, size ekstra koruma ve konfor sunar. Az bak\u0131m gerektiren, uygun maliyetli Dr\u00e4ger\u00a0X-plore 3300\u00a0yar\u0131m y\u00fcz maskesi veya zorlu ko\u015fullarda uzun s\u00fcre koruma i\u00e7in Dr\u00e4ger\u00a0X-plore 3500\u00a0versiyonu aras\u0131ndan se\u00e7iminizi yap\u0131n.<\/p>\n<\/div>\n<\/div>\n","protected":false},"featured_media":8062,"comment_status":"closed","ping_status":"closed","template":"","meta":[],"product_cat":[362,73,366],"product_tag":[],"class_list":["post-8055","product","type-product","status-publish","has-post-thumbnail","hentry","product_cat-drager","product_cat-kafa-ve-yuz-koruyuculari","product_cat-yarim-yuz-maskeler"],"_links":{"self":[{"href":"http:\/\/ssakimya.com\/index.php\/wp-json\/wp\/v2\/product\/8055","targetHints":{"allow":["GET"]}}],"collection":[{"href":"http:\/\/ssakimya.com\/index.php\/wp-json\/wp\/v2\/product"}],"about":[{"href":"http:\/\/ssakimya.com\/index.php\/wp-json\/wp\/v2\/types\/product"}],"replies":[{"embeddable":true,"href":"http:\/\/ssakimya.com\/index.php\/wp-json\/wp\/v2\/comments?post=8055"}],"wp:featuredmedia":[{"embeddable":true,"href":"http:\/\/ssakimya.com\/index.php\/wp-json\/wp\/v2\/media\/8062"}],"wp:attachment":[{"href":"http:\/\/ssakimya.com\/index.php\/wp-json\/wp\/v2\/media?parent=8055"}],"wp:term":[{"taxonomy":"product_cat","embeddable":true,"href":"http:\/\/ssakimya.com\/index.php\/wp-json\/wp\/v2\/product_cat?post=8055"},{"taxonomy":"product_tag","embeddable":true,"href":"http:\/\/ssakimya.com\/index.php\/wp-json\/wp\/v2\/product_tag?post=8055"}],"curies":[{"name":"wp","href":"https:\/\/api.w.org\/{rel}","templated":true}]}}