{"id":8010,"date":"2022-09-21T20:52:30","date_gmt":"2022-09-21T20:52:30","guid":{"rendered":"http:\/\/ssakimya.com\/?post_type=product&#038;p=8010"},"modified":"2022-09-21T20:52:30","modified_gmt":"2022-09-21T20:52:30","slug":"520","status":"publish","type":"product","link":"http:\/\/ssakimya.com\/index.php\/product\/520\/","title":{"rendered":"520"},"content":{"rendered":"","protected":false},"excerpt":{"rendered":"<div class=\"u-block-spacer-mt Prose\">\n<ul>\n<li>Yan havaland\u0131rma<\/li>\n<li>Numaral\u0131 g\u00f6zl\u00fcklerin \u00fczerine tak\u0131labilir<\/li>\n<li>Tamamen polikarbonattan yap\u0131lm\u0131\u015ft\u0131r, kesinlikle metal i\u00e7ermez<\/li>\n<\/ul>\n<\/div>\n<div class=\"u-block-spacer-mt Prose\">\n<p class=\"mb-0\"><strong>\u00c7er\u00e7eve teknolojisi<\/strong><\/p>\n<div class=\"AttributesImages\"><img decoding=\"async\" class=\"js-tooltip lazyloaded\" title=\"\" src=\"https:\/\/www.univetsafety.com\/site\/assets\/files\/1246\/overspec_spectacles.png\" data-src=\"\/site\/assets\/files\/1246\/overspec_spectacles.png\" data-original-title=\"Designed for perfect integration with the prescription glasses, ensuring total protection\" \/><\/div>\n<\/div>\n","protected":false},"featured_media":8012,"comment_status":"closed","ping_status":"closed","template":"","meta":[],"product_cat":[334,73,280],"product_tag":[],"class_list":["post-8010","product","type-product","status-publish","has-post-thumbnail","hentry","product_cat-guvenlik-gozlukleri","product_cat-kafa-ve-yuz-koruyuculari","product_cat-univet"],"_links":{"self":[{"href":"http:\/\/ssakimya.com\/index.php\/wp-json\/wp\/v2\/product\/8010","targetHints":{"allow":["GET"]}}],"collection":[{"href":"http:\/\/ssakimya.com\/index.php\/wp-json\/wp\/v2\/product"}],"about":[{"href":"http:\/\/ssakimya.com\/index.php\/wp-json\/wp\/v2\/types\/product"}],"replies":[{"embeddable":true,"href":"http:\/\/ssakimya.com\/index.php\/wp-json\/wp\/v2\/comments?post=8010"}],"wp:featuredmedia":[{"embeddable":true,"href":"http:\/\/ssakimya.com\/index.php\/wp-json\/wp\/v2\/media\/8012"}],"wp:attachment":[{"href":"http:\/\/ssakimya.com\/index.php\/wp-json\/wp\/v2\/media?parent=8010"}],"wp:term":[{"taxonomy":"product_cat","embeddable":true,"href":"http:\/\/ssakimya.com\/index.php\/wp-json\/wp\/v2\/product_cat?post=8010"},{"taxonomy":"product_tag","embeddable":true,"href":"http:\/\/ssakimya.com\/index.php\/wp-json\/wp\/v2\/product_tag?post=8010"}],"curies":[{"name":"wp","href":"https:\/\/api.w.org\/{rel}","templated":true}]}}