{"id":7959,"date":"2022-09-21T09:16:17","date_gmt":"2022-09-21T09:16:17","guid":{"rendered":"http:\/\/ssakimya.com\/?post_type=product&#038;p=7959"},"modified":"2022-09-21T09:16:17","modified_gmt":"2022-09-21T09:16:17","slug":"krytech-837","status":"publish","type":"product","link":"http:\/\/ssakimya.com\/index.php\/product\/krytech-837\/","title":{"rendered":"Krytech 837"},"content":{"rendered":"","protected":false},"excerpt":{"rendered":"<h1 class=\"page-title\">KRYTECH 837<\/h1>\n<p>&nbsp;<\/p>\n<p class=\"page-lead\">Y\u00fcksek dayan\u0131kl\u0131l\u0131k ve optimize el becerisini birle\u015ftiren kesi\u011fe kar\u015f\u0131 koruyucu seviye E eldiven<\/p>\n<h2><\/h2>\n<h2 id=\"specific-advantages\">\u00d6nemli avantajlar<\/h2>\n<ul>\n<li>Maksimum koruma i\u00e7in bilek alan\u0131 dahil \u00fcst\u00fcn kesik dayan\u0131kl\u0131l\u0131\u011f\u0131 D\u00dcZEY E<\/li>\n<li>Deri avu\u00e7 i\u00e7i, t\u0131ra\u015flanmam\u0131\u015f par\u00e7alar\u0131 tutarken iyi delinme direnci sa\u011flar<\/li>\n<li>Artm\u0131\u015f kavrama ve el becerisi i\u00e7in k\u00f6p\u00fck\u00a0<a title=\"nitril\" href=\"https:\/\/www.tr.mapa-pro.com\/bilgi-merkezi\/soezluek\/tanim\/nitril\">nitril<\/a>\u00a0kaplama ve derisiz parmak u\u00e7lar\u0131<\/li>\n<li>Geli\u015fmi\u015f kaplamal\u0131 \u00f6rg\u00fc teknolojisi, kullan\u0131c\u0131n\u0131n optimize edilmi\u015f konforu ve esnekli\u011fi i\u00e7in daha yumu\u015fak ipli\u011fin cilt ile temas etmesini sa\u011flar<\/li>\n<li>Kaplama ve deri aras\u0131nda\u00a0<a title=\"nitril\" href=\"https:\/\/www.tr.mapa-pro.com\/bilgi-merkezi\/soezluek\/tanim\/nitril\">nitril<\/a>\u00a0a\u011f takviyesi<\/li>\n<li>Deri avu\u00e7 i\u00e7i ve y\u00fcksek sa\u011flaml\u0131\u011fa sahip polyester diki\u015fler sayesinde b\u00fcy\u00fck dayan\u0131kl\u0131l\u0131k<\/li>\n<li>Ba\u015fparmak ile i\u015faret parma\u011f\u0131 aras\u0131nda bulunan ve eldiveni maruziyete \u00e7ok a\u00e7\u0131k olan bu alanda erken hasara kar\u015f\u0131 koruyan a\u011f takviyesi sayesinde uzun \u00f6m\u00fcrl\u00fc eldiven ve takviyeli g\u00fcvenlik<\/li>\n<li>Zararl\u0131 maddeler i\u00e7ermez:\u00a0<a title=\"DMF\" href=\"https:\/\/www.tr.mapa-pro.com\/bilgi-merkezi\/soezluek\/tanim\/dmf\">DMF<\/a>\u00a0i\u00e7ermez<\/li>\n<li>Sert elyaflar\u0131n daha konforlu bir iplikle sar\u0131lmas\u0131 sayesinde cilt tahri\u015flerini \u00f6nleyen \u00f6zel sarma i\u015flemi<\/li>\n<li>Metal levha ve cam \u00fczerindeki izleri ve kusurlar\u0131 \u00f6nlemek i\u00e7in silikon i\u00e7ermez<\/li>\n<li>Kuru temizleme: Eldivenin \u00f6mr\u00fcn\u00fc uzatmak, maliyetleri ve israf\u0131 azaltmak i\u00e7in performanslarda * herhangi bir de\u011fi\u015fiklik olmaks\u0131z\u0131n 5 kata kadar<\/li>\n<\/ul>\n<p><small>*Testler kullan\u0131lmam\u0131\u015f yeni eldivenler \u00fczerinde yap\u0131lm\u0131\u015ft\u0131r. Bu sebepten dolay\u0131 ger\u00e7ek saha ko\u015fullar\u0131 uygulamalar\u0131 farkl\u0131l\u0131k g\u00f6sterebilir.<\/small><\/p>\n<h2><\/h2>\n<h2 id=\"applications\">Uygulama<\/h2>\n<p><strong>Otomotiv\/mekanik end\u00fcstrisi<\/strong><\/p>\n<ul>\n<li>Metal i\u015fi<\/li>\n<li>Metal sa\u00e7 veya tra\u015flanmam\u0131\u015f par\u00e7alar\u0131n ta\u015f\u0131nmas\u0131<\/li>\n<li>Metal sa\u00e7 ta\u015f\u0131ma<\/li>\n<li>Par\u00e7alar\u0131n bask\u0131 sonras\u0131 ta\u015f\u0131nmas\u0131<\/li>\n<li>\u015eeritlerin kesilmesi (plazma vs&#8230;.)<\/li>\n<\/ul>\n<h2><\/h2>\n<h2 id=\"standards\">Standartlar<\/h2>\n<ul class=\"norms-list\">\n<li title=\"Kat. 2\"><span class=\"type\">KAT. 2<\/span><img loading=\"lazy\" decoding=\"async\" src=\"https:\/\/www.tr.mapa-pro.com\/fileadmin\/_processed_storage_data\/a\/e\/csm_mapa-pim-picto-ce-category_edc1866ba7.jpg\" alt=\"Kat. 2\" width=\"34\" height=\"34\" \/><\/li>\n<li title=\"Mekanik tehlikeler EN 388\"><img loading=\"lazy\" decoding=\"async\" src=\"https:\/\/www.tr.mapa-pro.com\/fileadmin\/_processed_storage_data\/2\/9\/csm_mapa-pim-picto-en388-2016-digit_92e7fe8ce2.jpg\" alt=\"Mekanik tehlikeler EN 388\" width=\"34\" height=\"34\" \/>4X44E<\/li>\n<li title=\"Is\u0131 ve yang\u0131n EN 407\"><img loading=\"lazy\" decoding=\"async\" src=\"https:\/\/www.tr.mapa-pro.com\/fileadmin\/_processed_storage_data\/3\/2\/csm_en407-year_2020_1412766aa3.jpg\" alt=\"Is\u0131 ve yang\u0131n EN 407\" width=\"34\" height=\"34\" \/>X1XXXX<\/li>\n<li title=\"\">ISO\u00a013997:<br \/>\n29.9N\u00a0(g)<\/li>\n<\/ul>\n<h2><\/h2>\n<h2 id=\"product-detail\">\u00dcr\u00fcn bilgileri<\/h2>\n<table class=\"table table-bordered\">\n<tbody>\n<tr>\n<th>Malzeme<\/th>\n<td>K\u00f6p\u00fck nitril<\/td>\n<\/tr>\n<tr>\n<th>Renk<\/th>\n<td>Siyah, gri<\/td>\n<\/tr>\n<tr>\n<th>\u0130\u00e7 Kaplama<\/th>\n<td>HDPE elyaf\u0131ndan diki\u015fsiz kuma\u015f takviyesi<\/td>\n<\/tr>\n<tr>\n<th>D\u0131\u015f Kaplama<\/th>\n<td>Parmak destekli avu\u00e7 i\u00e7i deri \/ indeks<\/td>\n<\/tr>\n<tr>\n<th>Uzunluk (cm)<\/th>\n<td>30<\/td>\n<\/tr>\n<tr>\n<th>Boy<\/th>\n<td>8 9 10 11<\/td>\n<\/tr>\n<tr>\n<th>Ambalajlama<\/th>\n<td>12 \u00e7ift\/torba<br \/>\n48 \u00e7ift\/karton<\/td>\n<\/tr>\n<\/tbody>\n<\/table>\n","protected":false},"featured_media":7968,"comment_status":"closed","ping_status":"closed","template":"","meta":[],"product_cat":[67,306,347,282],"product_tag":[],"class_list":["post-7959","product","type-product","status-publish","has-post-thumbnail","hentry","product_cat-el-kol-koruyucular","product_cat-kesik-koruma","product_cat-kesilmeye-karsi-koruma-agir-hizmet-tipi-icin","product_cat-mapa"],"_links":{"self":[{"href":"http:\/\/ssakimya.com\/index.php\/wp-json\/wp\/v2\/product\/7959","targetHints":{"allow":["GET"]}}],"collection":[{"href":"http:\/\/ssakimya.com\/index.php\/wp-json\/wp\/v2\/product"}],"about":[{"href":"http:\/\/ssakimya.com\/index.php\/wp-json\/wp\/v2\/types\/product"}],"replies":[{"embeddable":true,"href":"http:\/\/ssakimya.com\/index.php\/wp-json\/wp\/v2\/comments?post=7959"}],"wp:featuredmedia":[{"embeddable":true,"href":"http:\/\/ssakimya.com\/index.php\/wp-json\/wp\/v2\/media\/7968"}],"wp:attachment":[{"href":"http:\/\/ssakimya.com\/index.php\/wp-json\/wp\/v2\/media?parent=7959"}],"wp:term":[{"taxonomy":"product_cat","embeddable":true,"href":"http:\/\/ssakimya.com\/index.php\/wp-json\/wp\/v2\/product_cat?post=7959"},{"taxonomy":"product_tag","embeddable":true,"href":"http:\/\/ssakimya.com\/index.php\/wp-json\/wp\/v2\/product_tag?post=7959"}],"curies":[{"name":"wp","href":"https:\/\/api.w.org\/{rel}","templated":true}]}}