{"id":7824,"date":"2022-09-20T16:59:17","date_gmt":"2022-09-20T16:59:17","guid":{"rendered":"http:\/\/ssakimya.com\/?post_type=product&#038;p=7824"},"modified":"2022-10-21T13:25:39","modified_gmt":"2022-10-21T13:25:39","slug":"titan-328","status":"publish","type":"product","link":"http:\/\/ssakimya.com\/index.php\/product\/titan-328\/","title":{"rendered":"Titan 328"},"content":{"rendered":"","protected":false},"excerpt":{"rendered":"<h1 class=\"page-title\">Titan 328<\/h1>\n<p>&nbsp;<\/p>\n<p class=\"page-lead\">S\u0131radan i\u015fleme g\u00f6revleri i\u00e7in esneklik ve kavrama<\/p>\n<p>&nbsp;<\/p>\n<h2 id=\"specific-advantages\">\u00d6nemli avantajlar<\/h2>\n<ul>\n<li>Son derece konforlu kuma\u015f astar ve ek yeri olmayan \u00f6rg\u00fc<\/li>\n<li>Kusursuz el havaland\u0131rmas\u0131<\/li>\n<li>Kabartmal\u0131 doku sayesinde iyi kavrama<\/li>\n<li>Zararl\u0131 maddeler i\u00e7ermez:\u00a0<a title=\"DMF\" href=\"https:\/\/www.tr.mapa-pro.com\/bilgi-merkezi\/soezluek\/tanim\/dmf\">DMF<\/a>\u00a0i\u00e7ermez<\/li>\n<li>Boyamadan \u00f6nce metal sa\u00e7 ve cam da iz ve kusur olu\u015fmas\u0131n\u0131 \u00f6nlemek i\u00e7in silikon i\u00e7ermez<\/li>\n<\/ul>\n<h2><\/h2>\n<h2 id=\"applications\">Uygulama<\/h2>\n<p><strong>\u00c7evre<\/strong><\/p>\n<ul>\n<li>Evsel at\u0131k toplama<\/li>\n<li>Halka a\u00e7\u0131k park temizli\u011fi<\/li>\n<\/ul>\n<p><strong>Di\u011fer end\u00fcstriler<\/strong><\/p>\n<ul>\n<li>Depo i\u015fletmecili\u011fi ve yiyeceklerin kabul\u00fc<\/li>\n<\/ul>\n<p><strong>\u0130n\u015faat End\u00fcstrisi (Duvarc\u0131lar \/S\u0131vac\u0131lar)<\/strong><\/p>\n<ul>\n<li>Tu\u011flalar\u0131\/bloklar\u0131 ta\u015f\u0131ma<\/li>\n<li>Al\u00e7\u0131 kaplama<\/li>\n<\/ul>\n<p><strong>Yerel Y\u00f6netimler (Parklar ve Halka A\u00e7\u0131k Alanlar)<\/strong><\/p>\n<ul>\n<li>Halka a\u00e7\u0131k park temizli\u011fi<\/li>\n<\/ul>\n<p><strong>Yerel Y\u00f6netimler (Yollar ve Otoyollar)<\/strong><\/p>\n<ul>\n<li>Yol \u00fczerinde \u00e7al\u0131\u015f\u0131rken materyallerin ta\u015f\u0131nmas\u0131<\/li>\n<\/ul>\n<h2><\/h2>\n<h2 id=\"standards\">Standartlar<\/h2>\n<ul class=\"norms-list\">\n<li title=\"Kat. 2\"><span class=\"type\">KAT. 2<\/span><img loading=\"lazy\" decoding=\"async\" src=\"https:\/\/www.tr.mapa-pro.com\/fileadmin\/_processed_storage_data\/a\/e\/csm_mapa-pim-picto-ce-category_edc1866ba7.jpg\" alt=\"Kat. 2\" width=\"34\" height=\"34\" \/><\/li>\n<li title=\"Mekanik tehlikeler EN 388\"><img loading=\"lazy\" decoding=\"async\" src=\"https:\/\/www.tr.mapa-pro.com\/fileadmin\/_processed_storage_data\/2\/9\/csm_mapa-pim-picto-en388-2016-digit_92e7fe8ce2.jpg\" alt=\"Mekanik tehlikeler EN 388\" width=\"34\" height=\"34\" \/>2142X<\/li>\n<li title=\"Is\u0131 ve yang\u0131n EN 407\"><img loading=\"lazy\" decoding=\"async\" src=\"https:\/\/www.tr.mapa-pro.com\/fileadmin\/_processed_storage_data\/3\/2\/csm_en407-year_2020_1412766aa3.jpg\" alt=\"Is\u0131 ve yang\u0131n EN 407\" width=\"34\" height=\"34\" \/>X2XXXX<\/li>\n<\/ul>\n<h2><\/h2>\n<h2 id=\"product-detail\">\u00dcr\u00fcn bilgileri<\/h2>\n<table class=\"table table-bordered\">\n<tbody>\n<tr>\n<th>Malzeme<\/th>\n<td>Do\u011fal lateks<\/td>\n<\/tr>\n<tr>\n<th>Renk<\/th>\n<td>Sar\u0131, turuncu<\/td>\n<\/tr>\n<tr>\n<th>\u0130\u00e7 Kaplama<\/th>\n<td>Kuma\u015f takviyesi<\/td>\n<\/tr>\n<tr>\n<th>D\u0131\u015f Kaplama<\/th>\n<td>Destekli<\/td>\n<\/tr>\n<tr>\n<th>Uzunluk (cm)<\/th>\n<td>24-27<\/td>\n<\/tr>\n<tr>\n<th>Boy<\/th>\n<td>8 9 10<\/td>\n<\/tr>\n<tr>\n<th>Ambalajlama<\/th>\n<td>1 \u00e7ift\/torba<br \/>\n12 \u00e7ift\/kutu<br \/>\n96 \u00e7ift\/karton<\/td>\n<\/tr>\n<\/tbody>\n<\/table>\n","protected":false},"featured_media":7832,"comment_status":"closed","ping_status":"closed","template":"","meta":[],"product_cat":[67,345,282],"product_tag":[],"class_list":["post-7824","product","type-product","status-publish","has-post-thumbnail","hentry","product_cat-el-kol-koruyucular","product_cat-genel-kullanim-koruma-agir-isler-icin","product_cat-mapa"],"_links":{"self":[{"href":"http:\/\/ssakimya.com\/index.php\/wp-json\/wp\/v2\/product\/7824","targetHints":{"allow":["GET"]}}],"collection":[{"href":"http:\/\/ssakimya.com\/index.php\/wp-json\/wp\/v2\/product"}],"about":[{"href":"http:\/\/ssakimya.com\/index.php\/wp-json\/wp\/v2\/types\/product"}],"replies":[{"embeddable":true,"href":"http:\/\/ssakimya.com\/index.php\/wp-json\/wp\/v2\/comments?post=7824"}],"wp:featuredmedia":[{"embeddable":true,"href":"http:\/\/ssakimya.com\/index.php\/wp-json\/wp\/v2\/media\/7832"}],"wp:attachment":[{"href":"http:\/\/ssakimya.com\/index.php\/wp-json\/wp\/v2\/media?parent=7824"}],"wp:term":[{"taxonomy":"product_cat","embeddable":true,"href":"http:\/\/ssakimya.com\/index.php\/wp-json\/wp\/v2\/product_cat?post=7824"},{"taxonomy":"product_tag","embeddable":true,"href":"http:\/\/ssakimya.com\/index.php\/wp-json\/wp\/v2\/product_tag?post=7824"}],"curies":[{"name":"wp","href":"https:\/\/api.w.org\/{rel}","templated":true}]}}