{"id":7795,"date":"2022-09-20T16:47:43","date_gmt":"2022-09-20T16:47:43","guid":{"rendered":"http:\/\/ssakimya.com\/?post_type=product&#038;p=7795"},"modified":"2022-09-20T17:37:45","modified_gmt":"2022-09-20T17:37:45","slug":"ultrane-551-2","status":"publish","type":"product","link":"http:\/\/ssakimya.com\/index.php\/product\/ultrane-551-2\/","title":{"rendered":"Ultrane 551"},"content":{"rendered":"","protected":false},"excerpt":{"rendered":"<h1 class=\"page-title\">Ultrane 551<\/h1>\n<p>&nbsp;<\/p>\n<p class=\"page-lead\">Parmak ucu hassasiyeti bak\u0131m\u0131ndan rakipsiz<\/p>\n<h2><\/h2>\n<h2 id=\"specific-advantages\">\u00d6nemli avantajlar<\/h2>\n<ul>\n<li>Eldivenin inceltilmi\u015f kal\u0131nl\u0131\u011f\u0131 sayesinde y\u00fcksek hassasiyeti<\/li>\n<li>Poli\u00fcretan\u0131n g\u00f6zenekli yap\u0131s\u0131 taraf\u0131ndan sa\u011flanan ter emilimi<\/li>\n<li>Uzun s\u00fcre kullan\u0131ma uygundur: M\u00fckemmel a\u015f\u0131nma dayan\u0131m\u0131<\/li>\n<li>Zararl\u0131 maddeler i\u00e7ermez: STANDARD 100 by OEKO-TEX\u00ae<\/li>\n<li>Mesleki maruz kalma limitlerine uygun \u015fekilde eser oranda\u00a0<a title=\"DMF\" href=\"https:\/\/www.tr.mapa-pro.com\/bilgi-merkezi\/soezluek\/tanim\/dmf\">DMF<\/a>\u00a0i\u00e7erir<\/li>\n<li>Boyamadan \u00f6nce metal sa\u00e7 ve cam da iz ve kusur olu\u015fmas\u0131n\u0131 \u00f6nlemek i\u00e7in silikon i\u00e7ermez<\/li>\n<li>End\u00fcstriyel ortamlara uyarlanm\u0131\u015f \u00e7ekici koyu renkli eldiven<\/li>\n<\/ul>\n<h2><\/h2>\n<h2 id=\"applications\">Uygulama<\/h2>\n<p><strong>Otomotiv\/mekanik end\u00fcstrisi<\/strong><\/p>\n<ul>\n<li>Kar\u0131\u015f\u0131k montaj<\/li>\n<li>K\u00fc\u00e7\u00fck par\u00e7alar\u0131n ayr\u0131lmas\u0131<\/li>\n<li>K\u00fc\u00e7\u00fck vidalar\u0131 ve ba\u011flant\u0131 elemanlar\u0131n\u0131 yerle\u015ftirme<\/li>\n<\/ul>\n<p><strong>Elektronik<\/strong><\/p>\n<ul>\n<li>Elektronik bile\u015fen montaj\u0131 (ekranlar, LED&#8217;ler vs&#8230;.)<\/li>\n<li>Y\u00fcksek frekansl\u0131 anten per\u00e7inleme<\/li>\n<li>Mikro i\u015flemci ta\u015f\u0131ma<\/li>\n<\/ul>\n<p><strong>G\u0131da sekt\u00f6r\u00fc<\/strong><\/p>\n<ul>\n<li>Ambalajlama<\/li>\n<\/ul>\n<p><strong>Kozmetikler ve Ecza end\u00fcstrisi<\/strong><\/p>\n<ul>\n<li>Kozmetik haz\u0131rlama<\/li>\n<li>\u0130la\u00e7 \u00fcretme<\/li>\n<\/ul>\n<p><strong>\u0130n\u015faat End\u00fcstrisi (Metal \u0130\u015f\u00e7ileri\/\u00c7ilingir)<\/strong><\/p>\n<ul>\n<li>Kilitlerin tak\u0131lmas\u0131 ve bak\u0131m\u0131<\/li>\n<\/ul>\n<p><strong>\u0130n\u015faat End\u00fcstrisi (Is\u0131tma m\u00fchendisleri\/Tesisat\u00e7\u0131lar)<\/strong><\/p>\n<ul>\n<li>Borular\u0131n ve \u0131s\u0131tma donan\u0131m\u0131n\u0131n bak\u0131m\u0131<\/li>\n<\/ul>\n<p><strong>\u0130n\u015faat End\u00fcstrisi (Marangozlar\/Do\u011framac\u0131lar)<\/strong><\/p>\n<ul>\n<li>Ah\u015fap d\u00f6\u015feme, panel kaplama veya kal\u0131plama<\/li>\n<\/ul>\n<h2><\/h2>\n<h2 id=\"standards\">Standartlar<\/h2>\n<ul class=\"norms-list\">\n<li title=\"Kat. 2\"><span class=\"type\">KAT. 2<\/span><img loading=\"lazy\" decoding=\"async\" src=\"https:\/\/www.tr.mapa-pro.com\/fileadmin\/_processed_storage_data\/a\/e\/csm_mapa-pim-picto-ce-category_edc1866ba7.jpg\" alt=\"Kat. 2\" width=\"34\" height=\"34\" \/><\/li>\n<li title=\"Mekanik tehlikeler EN 388\"><img loading=\"lazy\" decoding=\"async\" src=\"https:\/\/www.tr.mapa-pro.com\/fileadmin\/_processed_storage_data\/2\/9\/csm_mapa-pim-picto-en388-2016-digit_92e7fe8ce2.jpg\" alt=\"Mekanik tehlikeler EN 388\" width=\"34\" height=\"34\" \/>4131X<\/li>\n<\/ul>\n<h2><\/h2>\n<h2 id=\"product-detail\">\u00dcr\u00fcn bilgileri<\/h2>\n<table class=\"table table-bordered\">\n<tbody>\n<tr>\n<th>Malzeme<\/th>\n<td>Poli\u00fcretan k\u00f6p\u00fck<\/td>\n<\/tr>\n<tr>\n<th>Renk<\/th>\n<td>Gri<\/td>\n<\/tr>\n<tr>\n<th>\u0130\u00e7 Kaplama<\/th>\n<td>Diki\u015fsiz kuma\u015f takviyesi<\/td>\n<\/tr>\n<tr>\n<th>D\u0131\u015f Kaplama<\/th>\n<td>Havaland\u0131rmal\u0131<\/td>\n<\/tr>\n<tr>\n<th>Uzunluk (cm)<\/th>\n<td>21-27<\/td>\n<\/tr>\n<tr>\n<th>Kal\u0131nl\u0131k (mm)<\/th>\n<td>Light Weight<\/td>\n<\/tr>\n<tr>\n<th>Boy<\/th>\n<td>6 7 8 9 10 11<\/td>\n<\/tr>\n<tr>\n<th>Ambalajlama<\/th>\n<td>1 \u00e7ift\/torba<br \/>\n10 \u00e7ift\/torba<br \/>\n100 \u00e7ift\/karton<\/td>\n<\/tr>\n<\/tbody>\n<\/table>\n","protected":false},"featured_media":7798,"comment_status":"closed","ping_status":"closed","template":"","meta":[],"product_cat":[67,344,282],"product_tag":[],"class_list":["post-7795","product","type-product","status-publish","has-post-thumbnail","hentry","product_cat-el-kol-koruyucular","product_cat-genel-kullanim-koruma-hassas-isler-icin","product_cat-mapa"],"_links":{"self":[{"href":"http:\/\/ssakimya.com\/index.php\/wp-json\/wp\/v2\/product\/7795","targetHints":{"allow":["GET"]}}],"collection":[{"href":"http:\/\/ssakimya.com\/index.php\/wp-json\/wp\/v2\/product"}],"about":[{"href":"http:\/\/ssakimya.com\/index.php\/wp-json\/wp\/v2\/types\/product"}],"replies":[{"embeddable":true,"href":"http:\/\/ssakimya.com\/index.php\/wp-json\/wp\/v2\/comments?post=7795"}],"wp:featuredmedia":[{"embeddable":true,"href":"http:\/\/ssakimya.com\/index.php\/wp-json\/wp\/v2\/media\/7798"}],"wp:attachment":[{"href":"http:\/\/ssakimya.com\/index.php\/wp-json\/wp\/v2\/media?parent=7795"}],"wp:term":[{"taxonomy":"product_cat","embeddable":true,"href":"http:\/\/ssakimya.com\/index.php\/wp-json\/wp\/v2\/product_cat?post=7795"},{"taxonomy":"product_tag","embeddable":true,"href":"http:\/\/ssakimya.com\/index.php\/wp-json\/wp\/v2\/product_tag?post=7795"}],"curies":[{"name":"wp","href":"https:\/\/api.w.org\/{rel}","templated":true}]}}