{"id":7682,"date":"2022-09-19T22:11:07","date_gmt":"2022-09-19T22:11:07","guid":{"rendered":"http:\/\/ssakimya.com\/?post_type=product&#038;p=7682"},"modified":"2022-09-20T17:39:41","modified_gmt":"2022-09-20T17:39:41","slug":"ultraneo-339","status":"publish","type":"product","link":"http:\/\/ssakimya.com\/index.php\/product\/ultraneo-339\/","title":{"rendered":"UltraNeo 339"},"content":{"rendered":"","protected":false},"excerpt":{"rendered":"<h1 class=\"page-title\">UltraNeo 339<\/h1>\n<p>&nbsp;<\/p>\n<p class=\"page-lead\">Konfor ve y\u00fcksek seviye kimyasal korumas\u0131<\/p>\n<h2 id=\"specific-advantages\">\u00d6nemli avantajlar<\/h2>\n<ul>\n<li>S\u0131cak s\u0131v\u0131lar\u0131n ta\u015f\u0131nmas\u0131 i\u00e7in pamuklu \u00f6rg\u00fc astardan termal yal\u0131t\u0131m<\/li>\n<li>Eldivenin kuma\u015f deste\u011fi ve kal\u0131nl\u0131\u011f\u0131 sayesinde kusursuz mekanik diren\u00e7 ve daha uzun servis \u00f6mr\u00fc<\/li>\n<li>Ya\u015f ve kaygan objelerin daha iyi kavranmas\u0131 i\u00e7in \u00e7ak\u0131ll\u0131 kabartma<\/li>\n<li>%100\u00a0<a title=\"neopren\" href=\"https:\/\/www.tr.mapa-pro.com\/bilgi-merkezi\/soezluek\/tanim\/neopren\">neopren<\/a>\u00a0\u00e7ok katmanl\u0131 yap\u0131s\u0131 sayesinde, konsantre hidrofl\u00fcorik asit, ya\u011f ve gres gibi asit ve alkalilere kar\u015f\u0131 \u00fcst\u00fcn kimyasal direnci<\/li>\n<li>Boyamadan \u00f6nce metal sa\u00e7 ve cam da iz ve kusur olu\u015fmas\u0131n\u0131 \u00f6nlemek i\u00e7in silikon i\u00e7ermez<\/li>\n<\/ul>\n<p><strong>\u00d6nemli \u00f6zellikler<\/strong><\/p>\n<p>\u00d6zel bir\u00a0<a title=\"anatomik\" href=\"https:\/\/www.tr.mapa-pro.com\/bilgi-merkezi\/soezluek\/tanim\/anatomik\">anatomik<\/a>\u00a0bi\u00e7im kullan\u0131larak tasarlanan ChemZoil eldivenleri, uzun s\u00fcreler giyildiklerinde dahi ele kusursuz oturma ve istisnai konfor sunmaktad\u0131rlar. \u00d6nceden kavisli parmaklar, bu y\u00fcksek riskli kimyasallara kar\u015f\u0131 koruma eldiveni i\u00e7in rakipsiz bir hareket \u00f6zg\u00fcrl\u00fc\u011f\u00fc sa\u011flarlar.<\/p>\n<h2 id=\"applications\">Uygulama<\/h2>\n<p><strong>Mekanik end\u00fcstrisi<\/strong><\/p>\n<ul>\n<li>Metallerin y\u00fczey uygulamas\u0131 (asitler)<\/li>\n<\/ul>\n<p><strong>Kimya end\u00fcstrisi<\/strong><\/p>\n<ul>\n<li>Saha kirlilik kontrol\u00fc<\/li>\n<li>Re\u00e7ine i\u015fi<\/li>\n<li>S\u0131cak, petrokimya \u00fcr\u00fcnleri \u00f6rnekleme<\/li>\n<li>Alkilleme birimlerini ta\u015f\u0131ma<\/li>\n<li>Kimyasal \u00fcr\u00fcn varillerini ta\u015f\u0131ma ve nakletme<\/li>\n<\/ul>\n<h2 id=\"standards\">Standartlar<\/h2>\n<ul class=\"norms-list\">\n<li title=\"Kat. 3\"><span class=\"type\">KAT. 3<\/span><img loading=\"lazy\" decoding=\"async\" src=\"https:\/\/www.tr.mapa-pro.com\/fileadmin\/_processed_storage_data\/a\/e\/csm_mapa-pim-picto-ce-category_edc1866ba7.jpg\" alt=\"Kat. 3\" width=\"34\" height=\"34\" \/>0334<\/li>\n<li title=\"Mekanik tehlikeler EN 388\"><img loading=\"lazy\" decoding=\"async\" src=\"https:\/\/www.tr.mapa-pro.com\/fileadmin\/_processed_storage_data\/2\/9\/csm_mapa-pim-picto-en388-2016-digit_92e7fe8ce2.jpg\" alt=\"Mekanik tehlikeler EN 388\" width=\"34\" height=\"34\" \/>3121X<\/li>\n<li title=\"\u00d6zel Kimyasal Korunma EN 374\"><span class=\"type\">Type A<\/span><img loading=\"lazy\" decoding=\"async\" src=\"https:\/\/www.tr.mapa-pro.com\/fileadmin\/_processed_storage_data\/9\/8\/csm_mapa-pim-picto-en374-2016-type_e9d22f017a.jpg\" alt=\"\u00d6zel Kimyasal Korunma EN 374\" width=\"34\" height=\"34\" \/>ABCJLMNS<\/li>\n<li title=\"Is\u0131 ve yang\u0131n EN 407\"><img loading=\"lazy\" decoding=\"async\" src=\"https:\/\/www.tr.mapa-pro.com\/fileadmin\/_processed_storage_data\/3\/2\/csm_en407-year_2020_1412766aa3.jpg\" alt=\"Is\u0131 ve yang\u0131n EN 407\" width=\"34\" height=\"34\" \/>X1XXXX<\/li>\n<\/ul>\n<h2 id=\"product-detail\">\u00dcr\u00fcn bilgileri<\/h2>\n<table class=\"table table-bordered\" style=\"height: 205px;\" width=\"537\">\n<tbody>\n<tr>\n<th>Malzeme<\/th>\n<td>Neopren<\/td>\n<\/tr>\n<tr>\n<th>Renk<\/th>\n<td>Siyah<\/td>\n<\/tr>\n<tr>\n<th>\u0130\u00e7 Kaplama<\/th>\n<td>Kuma\u015f takviyesi<\/td>\n<\/tr>\n<tr>\n<th>D\u0131\u015f Kaplama<\/th>\n<td>P\u00fct\u00fcrl\u00fc<\/td>\n<\/tr>\n<tr>\n<th>Uzunluk (cm)<\/th>\n<td>36<\/td>\n<\/tr>\n<tr>\n<th>Kal\u0131nl\u0131k (mm)<\/th>\n<td>1.6<\/td>\n<\/tr>\n<tr>\n<th>Boy<\/th>\n<td>9 10<\/td>\n<\/tr>\n<tr>\n<th>Ambalajlama<\/th>\n<td>1 \u00e7ift\/torba<br \/>\n6 \u00e7ift\/karton<\/td>\n<\/tr>\n<\/tbody>\n<\/table>\n","protected":false},"featured_media":7688,"comment_status":"closed","ping_status":"closed","template":"","meta":[],"product_cat":[67,304,282],"product_tag":[],"class_list":["post-7682","product","type-product","status-publish","has-post-thumbnail","hentry","product_cat-el-kol-koruyucular","product_cat-kimyasal-koruma","product_cat-mapa"],"_links":{"self":[{"href":"http:\/\/ssakimya.com\/index.php\/wp-json\/wp\/v2\/product\/7682","targetHints":{"allow":["GET"]}}],"collection":[{"href":"http:\/\/ssakimya.com\/index.php\/wp-json\/wp\/v2\/product"}],"about":[{"href":"http:\/\/ssakimya.com\/index.php\/wp-json\/wp\/v2\/types\/product"}],"replies":[{"embeddable":true,"href":"http:\/\/ssakimya.com\/index.php\/wp-json\/wp\/v2\/comments?post=7682"}],"wp:featuredmedia":[{"embeddable":true,"href":"http:\/\/ssakimya.com\/index.php\/wp-json\/wp\/v2\/media\/7688"}],"wp:attachment":[{"href":"http:\/\/ssakimya.com\/index.php\/wp-json\/wp\/v2\/media?parent=7682"}],"wp:term":[{"taxonomy":"product_cat","embeddable":true,"href":"http:\/\/ssakimya.com\/index.php\/wp-json\/wp\/v2\/product_cat?post=7682"},{"taxonomy":"product_tag","embeddable":true,"href":"http:\/\/ssakimya.com\/index.php\/wp-json\/wp\/v2\/product_tag?post=7682"}],"curies":[{"name":"wp","href":"https:\/\/api.w.org\/{rel}","templated":true}]}}