{"id":6725,"date":"2022-01-12T13:13:34","date_gmt":"2022-01-12T13:13:34","guid":{"rendered":"http:\/\/ssakimya.com\/?post_type=product&#038;p=6725"},"modified":"2023-06-21T14:17:49","modified_gmt":"2023-06-21T14:17:49","slug":"tychem-6000-f-aksesuar","status":"publish","type":"product","link":"http:\/\/ssakimya.com\/index.php\/product\/tychem-6000-f-aksesuar\/","title":{"rendered":"Tychem\u00ae 6000 F Aksesuar"},"content":{"rendered":"","protected":false},"excerpt":{"rendered":"<table style=\"height: 236px;\" width=\"654\">\n<tbody>\n<tr>\n<td width=\"172\">\u00dcr\u00fcn Ad\u0131<\/td>\n<td width=\"141\">Tychem\u00ae 6000 F Aksesuar<\/td>\n<\/tr>\n<tr>\n<td>Kuma\u015f<\/td>\n<td width=\"141\">Tychem\u00ae 6000<\/td>\n<\/tr>\n<tr>\n<td>Tasar\u0131m<\/td>\n<td width=\"141\">ba\u011flar\u0131 ile \u00f6nl\u00fck<\/td>\n<\/tr>\n<tr>\n<td>Diki\u015f<\/td>\n<td width=\"141\">diki\u015f yok<\/td>\n<\/tr>\n<tr>\n<td>Renk<\/td>\n<td width=\"141\">Gri<\/td>\n<\/tr>\n<tr>\n<td>Boyutlar<\/td>\n<td width=\"141\">0<\/td>\n<\/tr>\n<tr>\n<td>Miktar \/ Kutu<\/td>\n<td width=\"141\">Kutu ba\u015f\u0131na 25, toplu paketlenmi\u015f.<\/td>\n<\/tr>\n<tr>\n<td>Standartlar<\/td>\n<td>KAT III, PB[3], EN 14126<\/td>\n<\/tr>\n<\/tbody>\n<\/table>\n<p><strong>DOK\u00dcMANLAR<\/strong><\/p>\n<p><a href=\"http:\/\/ssakimya.com\/hemtatch\/2022\/01\/tychem-6000-f-accessory-tfpa30tgy00_GB-1.pdf\"><span style=\"color: #ff0000;\">Tychem\u00ae Teknik Dok\u00fcman<\/span><\/a><\/p>\n","protected":false},"featured_media":6726,"comment_status":"closed","ping_status":"closed","template":"","meta":[],"product_cat":[314,285,66],"product_tag":[],"class_list":["post-6725","product","type-product","status-publish","has-post-thumbnail","hentry","product_cat-aksesuarlar","product_cat-dupont","product_cat-vucut-koruyucular"],"_links":{"self":[{"href":"http:\/\/ssakimya.com\/index.php\/wp-json\/wp\/v2\/product\/6725","targetHints":{"allow":["GET"]}}],"collection":[{"href":"http:\/\/ssakimya.com\/index.php\/wp-json\/wp\/v2\/product"}],"about":[{"href":"http:\/\/ssakimya.com\/index.php\/wp-json\/wp\/v2\/types\/product"}],"replies":[{"embeddable":true,"href":"http:\/\/ssakimya.com\/index.php\/wp-json\/wp\/v2\/comments?post=6725"}],"wp:featuredmedia":[{"embeddable":true,"href":"http:\/\/ssakimya.com\/index.php\/wp-json\/wp\/v2\/media\/6726"}],"wp:attachment":[{"href":"http:\/\/ssakimya.com\/index.php\/wp-json\/wp\/v2\/media?parent=6725"}],"wp:term":[{"taxonomy":"product_cat","embeddable":true,"href":"http:\/\/ssakimya.com\/index.php\/wp-json\/wp\/v2\/product_cat?post=6725"},{"taxonomy":"product_tag","embeddable":true,"href":"http:\/\/ssakimya.com\/index.php\/wp-json\/wp\/v2\/product_tag?post=6725"}],"curies":[{"name":"wp","href":"https:\/\/api.w.org\/{rel}","templated":true}]}}