{"id":7438,"date":"2022-09-17T10:37:31","date_gmt":"2022-09-17T10:37:31","guid":{"rendered":"http:\/\/ssakimya.com\/?page_id=7438"},"modified":"2023-06-23T12:13:06","modified_gmt":"2023-06-23T12:13:06","slug":"dupont-kategori","status":"publish","type":"page","link":"http:\/\/ssakimya.com\/index.php\/dupont-kategori\/","title":{"rendered":"DuPont"},"content":{"rendered":"<p>[vc_row full_width=&#8221;stretch_row_content&#8221; gap=&#8221;5&#8243; content_placement=&#8221;middle&#8221; css=&#8221;.vc_custom_1663393608785{background-position: center !important;background-repeat: no-repeat !important;background-size: cover !important;}&#8221;][vc_column width=&#8221;2\/6&#8243; css=&#8221;.vc_custom_1663263793389{background-position: center !important;background-repeat: no-repeat !important;background-size: cover !important;}&#8221;][vc_wp_text]<\/p>\n<h1 class=\"block-title\" style=\"padding-left: 80px;\">DuPont<\/h1>\n<div class=\"block-content\" style=\"padding-left: 40px;\">\n<p style=\"padding-left: 40px;\">\u00c7al\u0131\u015fanlar\u0131, \u00e7al\u0131\u015f\u0131lan ortamdaki risklerden korumak i\u00e7in ki\u015fisel koruyucu donan\u0131mlar en b\u00fcy\u00fck yard\u0131mc\u0131lard\u0131r. V\u00fccudu d\u0131\u015f etkilerden koruyabilmek i\u00e7in v\u00fccudun belirli k\u0131s\u0131mlar\u0131n\u0131 ya da tamam\u0131n\u0131 kapatacak \u00fcr\u00fcnler geli\u015ftirilmi\u015ftir. Koruyucu tulum kategorisinin en \u00f6nemli \u00fcreticisi olan DuPont\u2122 Tyvek\u00ae&#8217;in kimyasal koruyucu tulumlar\u0131 ve radyasyon koruyucu tulumlar\u0131yla \u00e7al\u0131\u015fan sa\u011fl\u0131\u011f\u0131n\u0131 koruyarak performans\u0131n\u0131 en d\u00fczeyde tutmas\u0131n\u0131 sa\u011flar.<\/p>\n<\/div>\n<p>[\/vc_wp_text][\/vc_column][vc_column width=&#8221;1\/6&#8243; css=&#8221;.vc_custom_1663392026041{background-position: center !important;background-repeat: no-repeat !important;background-size: contain !important;}&#8221;][vc_single_image image=&#8221;8742&#8243; img_size=&#8221;full&#8221; alignment=&#8221;center&#8221; onclick=&#8221;custom_link&#8221; link=&#8221;http:\/\/ssakimya.com\/index.php\/dupont-tyvek-kategori\/&#8221;][\/vc_column][vc_column width=&#8221;1\/6&#8243;][vc_single_image image=&#8221;8741&#8243; img_size=&#8221;full&#8221; alignment=&#8221;center&#8221; onclick=&#8221;custom_link&#8221; link=&#8221;http:\/\/ssakimya.com\/index.php\/dupont-tycem-kategori\/&#8221;][\/vc_column][vc_column width=&#8221;1\/6&#8243;][vc_single_image image=&#8221;8739&#8243; img_size=&#8221;full&#8221; onclick=&#8221;custom_link&#8221; link=&#8221;http:\/\/ssakimya.com\/index.php\/dupont-proshield-kategori\/&#8221;][\/vc_column][vc_column width=&#8221;1\/6&#8243;][vc_single_image image=&#8221;8740&#8243; img_size=&#8221;full&#8221; onclick=&#8221;custom_link&#8221; link=&#8221;http:\/\/ssakimya.com\/&#8221;][\/vc_column][\/vc_row][vc_row full_width=&#8221;stretch_row_content&#8221; equal_height=&#8221;yes&#8221; content_placement=&#8221;middle&#8221;][vc_column width=&#8221;3\/6&#8243;][vc_single_image image=&#8221;7443&#8243; img_size=&#8221;500&#215;200&#8243; alignment=&#8221;center&#8221;][\/vc_column][vc_column width=&#8221;1\/6&#8243;][vc_single_image image=&#8221;7444&#8243; img_size=&#8221;200&#215;200&#8243; alignment=&#8221;center&#8221;][\/vc_column][vc_column width=&#8221;2\/6&#8243;][\/vc_column][\/vc_row]<\/p>\n","protected":false},"excerpt":{"rendered":"<p>[vc_row full_width=&#8221;stretch_row_content&#8221; gap=&#8221;5&#8243; content_placement=&#8221;middle&#8221; css=&#8221;.vc_custom_1663393608785{background-position: center !important;background-repeat: no-repeat !important;background-size: cover !important;}&#8221;][vc_column width=&#8221;2\/6&#8243; css=&#8221;.vc_custom_1663263793389{background-position: center !important;background-repeat: no-repeat !important;background-size: cover !important;}&#8221;][vc_wp_text] DuPont \u00c7al\u0131\u015fanlar\u0131, \u00e7al\u0131\u015f\u0131lan ortamdaki risklerden korumak i\u00e7in ki\u015fisel koruyucu donan\u0131mlar en b\u00fcy\u00fck yard\u0131mc\u0131lard\u0131r. V\u00fccudu d\u0131\u015f etkilerden koruyabilmek i\u00e7in v\u00fccudun belirli k\u0131s\u0131mlar\u0131n\u0131 &hellip; <a href=\"http:\/\/ssakimya.com\/index.php\/dupont-kategori\/\">Daha Fazlas\u0131<\/a><\/p>\n","protected":false},"author":1,"featured_media":0,"parent":0,"menu_order":0,"comment_status":"closed","ping_status":"closed","template":"","meta":{"footnotes":""},"class_list":["post-7438","page","type-page","status-publish","hentry"],"_links":{"self":[{"href":"http:\/\/ssakimya.com\/index.php\/wp-json\/wp\/v2\/pages\/7438","targetHints":{"allow":["GET"]}}],"collection":[{"href":"http:\/\/ssakimya.com\/index.php\/wp-json\/wp\/v2\/pages"}],"about":[{"href":"http:\/\/ssakimya.com\/index.php\/wp-json\/wp\/v2\/types\/page"}],"author":[{"embeddable":true,"href":"http:\/\/ssakimya.com\/index.php\/wp-json\/wp\/v2\/users\/1"}],"replies":[{"embeddable":true,"href":"http:\/\/ssakimya.com\/index.php\/wp-json\/wp\/v2\/comments?post=7438"}],"version-history":[{"count":17,"href":"http:\/\/ssakimya.com\/index.php\/wp-json\/wp\/v2\/pages\/7438\/revisions"}],"predecessor-version":[{"id":8759,"href":"http:\/\/ssakimya.com\/index.php\/wp-json\/wp\/v2\/pages\/7438\/revisions\/8759"}],"wp:attachment":[{"href":"http:\/\/ssakimya.com\/index.php\/wp-json\/wp\/v2\/media?parent=7438"}],"curies":[{"name":"wp","href":"https:\/\/api.w.org\/{rel}","templated":true}]}}