{"id":7069,"date":"2022-02-02T05:26:36","date_gmt":"2022-02-02T05:26:36","guid":{"rendered":"http:\/\/ssakimya.com\/?page_id=7069"},"modified":"2022-02-02T05:57:41","modified_gmt":"2022-02-02T05:57:41","slug":"ssaya-bakis","status":"publish","type":"page","link":"http:\/\/ssakimya.com\/index.php\/ssaya-bakis\/","title":{"rendered":"SSA&#8217;ya Bak\u0131\u015f"},"content":{"rendered":"<p>[vc_row full_width=&#8221;stretch_row&#8221; el_class=&#8221;about_banner&#8221; css=&#8221;.vc_custom_1642615432071{background-color: #ffffff !important;}&#8221;][vc_column width=&#8221;1\/2&#8243;][vc_column_text]<\/p>\n<h2><strong><span style=\"color: #000000;\">B\u0130Z K\u0130M\u0130Z?<\/span><\/strong><\/h2>\n<p>\u0130\u015f hayat\u0131na ba\u015flad\u0131\u011f\u0131 g\u00fcnden bu yana, bulundu\u011fu sekt\u00f6rlerde ya\u015fam\u0131 korumay\u0131 ve geli\u015ftirmeyi ilke edinmi\u015f olan SSA, yakla\u015f\u0131k 20 y\u0131ld\u0131r i\u015f sa\u011fl\u0131\u011f\u0131 ve g\u00fcvenli\u011fi ekipmanlar\u0131, grafik ve in\u015faat \u00fcr\u00fcnleri sat\u0131\u015f\u0131 yapan, ayn\u0131 zamanda yer ald\u0131\u011f\u0131 pazarlarda edindi\u011fi tecr\u00fcbe ile \u00fcretici kimli\u011fi kazanm\u0131\u015f bir \u015firkettir.<\/p>\n<h2><strong><span style=\"color: #000000;\">NEDEN SSA?<\/span><\/strong><\/h2>\n<p>Sizlere her an yak\u0131n olmak ve en h\u0131zl\u0131 \u015fekilde ula\u015fmak i\u00e7in \u0130stanbul\u2019da bulunan Merkez Ofisimiz, \u0130zmir\u2019de hizmet veren Ege B\u00f6lge ve Ankara\u2019da bulunan \u0130\u00e7 Anadolu \u015eubelerimiz, kesintisiz olarak faaliyet g\u00f6stermekte ve t\u00fcm kadrolar\u0131yla her g\u00fcn sizlerle bulu\u015fmaktad\u0131r.<\/p>\n<h3><strong><span style=\"color: #000000;\">Safety:<\/span><\/strong><\/h3>\n<p>Bulundu\u011fumuz ana sekt\u00f6r\u00fcn i\u015f sa\u011fl\u0131\u011f\u0131 ve g\u00fcvenli\u011fi oldu\u011funu temsil etmektedir.<\/p>\n<h3><strong><span style=\"color: #000000;\">Solutions:<\/span><\/strong><\/h3>\n<p>\u0130\u015f sa\u011fl\u0131\u011f\u0131 ve g\u00fcvenli\u011fi alan\u0131nda sundu\u011fumuz \u00e7\u00f6z\u00fcmleri temsil etmektedir.<\/p>\n<h3><strong><span style=\"color: #000000;\">All:<\/span><\/strong><\/h3>\n<p>Her alanda her sekt\u00f6rde SSA\u2019n\u0131n \u00e7\u00f6z\u00fcm \u00fcretebilece\u011fini g\u00f6stermektedir.[\/vc_column_text][\/vc_column][vc_column width=&#8221;1\/2&#8243;][vc_single_image image=&#8221;6820&#8243; img_size=&#8221;full&#8221; alignment=&#8221;center&#8221;][\/vc_column][\/vc_row][vc_row full_width=&#8221;stretch_row&#8221; el_class=&#8221;about_banner&#8221; css=&#8221;.vc_custom_1642615432071{background-color: #ffffff !important;}&#8221;][vc_column][vc_empty_space height=&#8221;64px&#8221;][vc_custom_heading text=&#8221;ZAMAN T\u00dcNEL\u0130&#8221; font_container=&#8221;tag:h2|text_align:left|color:%23000000&#8243; google_fonts=&#8221;font_family:Montserrat%3Aregular%2C700|font_style:700%20bold%20regular%3A700%3Anormal&#8221;][vc_wp_text][cool-timeline layout=&#8221;horizontal&#8221; category=&#8221;timeline-stories&#8221; skin=&#8221;default&#8221; designs=&#8221;default&#8221; show-posts=&#8221;20&#8243; order=&#8221;DESC&#8221; items=&#8221;4&#8243; icons=&#8221;NO&#8221; story-content=&#8221;full&#8221; date-format=&#8221;Y&#8221; based=&#8221;custom&#8221;][\/vc_wp_text][vc_empty_space height=&#8221;64px&#8221;][\/vc_column][\/vc_row][vc_row full_width=&#8221;stretch_row&#8221; el_class=&#8221;about_banner&#8221; css=&#8221;.vc_custom_1642615432071{background-color: #ffffff !important;}&#8221;][vc_column width=&#8221;1\/2&#8243;][vc_single_image image=&#8221;6813&#8243; img_size=&#8221;full&#8221; alignment=&#8221;center&#8221;][\/vc_column][vc_column width=&#8221;1\/2&#8243;][vc_column_text]<\/p>\n<h2><strong><span style=\"color: #000000;\">V\u0130ZYON<\/span><\/strong><\/h2>\n<p>S\u00fcrekli \u00f6\u011frenen ve sosyal sorumlulu\u011fu ilke edinmi\u015f bir organizasyon olan SSA inovatif \u00fcr\u00fcnlere odaklanarak insanlar\u0131n daha g\u00fcvenilir ve sa\u011fl\u0131kl\u0131 bir ya\u015fam s\u00fcrd\u00fcrebilmelerini ama\u00e7lar.<\/p>\n<h2><strong><span style=\"color: #000000;\">M\u0130SYON<\/span><\/strong><\/h2>\n<p>Hizmet verdi\u011fimiz t\u00fcm alanlarda, tehlikelerin azalt\u0131lmas\u0131, g\u00fcvenli ortam\u0131n yarat\u0131lmas\u0131 ve insanlar\u0131n ya\u015fam kalitesinin artt\u0131r\u0131lmas\u0131 ilkesi ile sekt\u00f6r\u00fcm\u00fczde s\u00fcrd\u00fcr\u00fclebilir liderli\u011fin sa\u011flanmas\u0131.<\/p>\n<h3><strong><span style=\"color: #000000;\">De\u011ferlerimiz<\/span><\/strong><\/h3>\n<p>&#8211; Ekosistemde t\u00fcm payda\u015flar\u0131m\u0131z\u0131n her alanda ve a\u015famada yanlar\u0131nda olmak,<\/p>\n<p>&#8211; \u00c7al\u0131\u015fanlar\u0131n ve m\u00fc\u015fterilerin mutlulu\u011funu maksimize etmek,<\/p>\n<p>&#8211; Sosyal sorumluluk bilincine sahip olmak,<\/p>\n<p>&#8211; Farkl\u0131l\u0131k yaratmak ve kalite odakl\u0131 olmak,<\/p>\n<p>&#8211; Geli\u015fime a\u00e7\u0131k olmak.[\/vc_column_text][\/vc_column][\/vc_row]<\/p>\n","protected":false},"excerpt":{"rendered":"<p>[vc_row full_width=&#8221;stretch_row&#8221; el_class=&#8221;about_banner&#8221; css=&#8221;.vc_custom_1642615432071{background-color: #ffffff !important;}&#8221;][vc_column width=&#8221;1\/2&#8243;][vc_column_text] B\u0130Z K\u0130M\u0130Z? \u0130\u015f hayat\u0131na ba\u015flad\u0131\u011f\u0131 g\u00fcnden bu yana, bulundu\u011fu sekt\u00f6rlerde ya\u015fam\u0131 korumay\u0131 ve geli\u015ftirmeyi ilke edinmi\u015f olan SSA, yakla\u015f\u0131k 20 y\u0131ld\u0131r i\u015f sa\u011fl\u0131\u011f\u0131 ve g\u00fcvenli\u011fi ekipmanlar\u0131, grafik ve in\u015faat \u00fcr\u00fcnleri sat\u0131\u015f\u0131 yapan, ayn\u0131 &hellip; <a href=\"http:\/\/ssakimya.com\/index.php\/ssaya-bakis\/\">Daha Fazlas\u0131<\/a><\/p>\n","protected":false},"author":1,"featured_media":0,"parent":0,"menu_order":0,"comment_status":"closed","ping_status":"closed","template":"","meta":{"footnotes":""},"class_list":["post-7069","page","type-page","status-publish","hentry"],"_links":{"self":[{"href":"http:\/\/ssakimya.com\/index.php\/wp-json\/wp\/v2\/pages\/7069","targetHints":{"allow":["GET"]}}],"collection":[{"href":"http:\/\/ssakimya.com\/index.php\/wp-json\/wp\/v2\/pages"}],"about":[{"href":"http:\/\/ssakimya.com\/index.php\/wp-json\/wp\/v2\/types\/page"}],"author":[{"embeddable":true,"href":"http:\/\/ssakimya.com\/index.php\/wp-json\/wp\/v2\/users\/1"}],"replies":[{"embeddable":true,"href":"http:\/\/ssakimya.com\/index.php\/wp-json\/wp\/v2\/comments?post=7069"}],"version-history":[{"count":10,"href":"http:\/\/ssakimya.com\/index.php\/wp-json\/wp\/v2\/pages\/7069\/revisions"}],"predecessor-version":[{"id":7079,"href":"http:\/\/ssakimya.com\/index.php\/wp-json\/wp\/v2\/pages\/7069\/revisions\/7079"}],"wp:attachment":[{"href":"http:\/\/ssakimya.com\/index.php\/wp-json\/wp\/v2\/media?parent=7069"}],"curies":[{"name":"wp","href":"https:\/\/api.w.org\/{rel}","templated":true}]}}